actors of 6641039.
6641039
List the prime factors of 19649122.
2, 337, 29153
List the prime factors of 3143826.
2, 3, 7, 8317
List the prime factors of 919101.
3, 306367
List the prime factors of 1321348.
2, 7, 41, 1151
List the prime factors of 3460546.
2, 19, 4793
What are the prime factors of 7191507?
3, 29, 131, 631
List the prime factors of 979083.
3, 7, 15541
List the prime factors of 5255955.
3, 5, 38933
List the prime factors of 404103.
3, 7, 2749
What are the prime factors of 135587?
41, 3307
List the prime factors of 730362.
2, 3, 121727
List the prime factors of 4638522.
2, 3, 7, 110441
What are the prime factors of 225905?
5, 45181
List the prime factors of 599556.
2, 3, 17, 2939
What are the prime factors of 6128920?
2, 5, 7, 53, 59
What are the prime factors of 1243485?
3, 5, 61, 151
List the prime factors of 200070.
2, 3, 5, 13, 19
List the prime factors of 152732.
2, 38183
What are the prime factors of 7313301?
3, 439, 617
List the prime factors of 1639091.
1639091
List the prime factors of 3631346.
2, 1815673
What are the prime factors of 129719?
129719
List the prime factors of 391017.
3, 11, 17, 41
What are the prime factors of 1737218?
2, 7, 124087
What are the prime factors of 5628067?
67, 167, 503
What are the prime factors of 8720429?
8720429
What are the prime factors of 4964390?
2, 5, 496439
List the prime factors of 78077.
163, 479
What are the prime factors of 34454?
2, 7, 23, 107
What are the prime factors of 1206235?
5, 17, 23, 617
What are the prime factors of 273534?
2, 3, 45589
What are the prime factors of 2941634?
2, 1470817
What are the prime factors of 1154001?
3, 199, 1933
What are the prime factors of 261096?
2, 3, 11, 23, 43
What are the prime factors of 1816587?
3, 41, 547
What are the prime factors of 25970?
2, 5, 7, 53
List the prime factors of 23895.
3, 5, 59
What are the prime factors of 569391?
3, 189797
What are the prime factors of 929011?
929011
List the prime factors of 1264016.
2, 13, 59, 103
List the prime factors of 1624917.
3, 7, 77377
What are the prime factors of 25416815?
5, 5083363
What are the prime factors of 25623027?
3, 949001
List the prime factors of 261078.
2, 3, 53, 821
List the prime factors of 220935.
3, 5, 11, 13, 103
What are the prime factors of 6847447?
17, 193, 2087
List the prime factors of 13303207.
13303207
List the prime factors of 109491.
3, 36497
List the prime factors of 456732.
2, 3, 4229
What are the prime factors of 24072770?
2, 5, 2407277
List the prime factors of 34363720.
2, 5, 859093
What are the prime factors of 437800?
2, 5, 11, 199
What are the prime factors of 2287159?
7, 326737
What are the prime factors of 5365961?
19, 109, 2591
List the prime factors of 254393.
71, 3583
What are the prime factors of 402660?
2, 3, 5, 2237
What are the prime factors of 1067252?
2, 251, 1063
What are the prime factors of 3066555?
3, 5, 204437
What are the prime factors of 83195?
5, 7, 2377
List the prime factors of 174394.
2, 11, 7927
What are the prime factors of 10989992?
2, 13, 105673
What are the prime factors of 4958141?
61, 81281
What are the prime factors of 930554?
2, 465277
What are the prime factors of 319158?
2, 3, 7, 17, 149
What are the prime factors of 864818?
2, 181, 2389
What are the prime factors of 187729?
227, 827
List the prime factors of 447685.
5, 7, 12791
What are the prime factors of 1827532?
2, 7, 65269
What are the prime factors of 5700196?
2, 1425049
List the prime factors of 930395.
5, 317, 587
List the prime factors of 365635.
5, 73127
What are the prime factors of 5833?
19, 307
List the prime factors of 903471.
3, 61, 4937
List the prime factors of 3119948.
2, 13, 59999
What are the prime factors of 1075?
5, 43
What are the prime factors of 105013?
19, 5527
List the prime factors of 715334.
2, 357667
List the prime factors of 12652279.
12652279
What are the prime factors of 27393?
3, 23, 397
What are the prime factors of 858010?
2, 5, 239, 359
List the prime factors of 7270175.
5, 11, 26437
What are the prime factors of 4553238?
2, 3, 523, 1451
What are the prime factors of 369643?
373, 991
List the prime factors of 600448.
2, 4691
What are the prime factors of 5030809?
7, 307, 2341
What are the prime factors of 27256039?
193, 141223
What are the prime factors of 3251534?
2, 11, 13, 11369
What are the prime factors of 1314141?
3, 438047
What are the prime factors of 2588104?
2, 19, 17027
What are the prime factors of 405944?
2, 7, 11, 659
List the prime factors of 1713990.
2, 3, 5, 19, 31, 97
What are the prime factors of 6762886?
2, 13, 260111
What are the prime factors of 866090?
2, 5, 257, 337
List the prime factors of 37334593.
37334593
List the prime factors of 9897726.
2, 3, 1649621
List the prime factors of 439480.
2, 5, 10987
List the prime factors of 433329.
3, 13, 41, 271
What are the prime factors of 17965844?
2, 13, 47, 7351
What are the prime factors of 518779?
518779
What are the prime factors of 165646?
2, 13, 23, 277
List the prime factors of 1232485.
5, 246497
What are the prime factors of 1668390?
2, 3, 5, 19, 2927
List the prime factors of 199223.
17, 11719
List the prime factors of 1548973.
61, 67, 379
List the prime factors of 1277683.
11, 41, 2833
What are the prime factors of 10173910?
2, 5, 1017391
What are the prime factors of 3249265?
5, 31, 20963
What are the prime factors of 866078?
2, 31, 61, 229
What are the prime factors of 22260210?
2, 3, 5, 7, 19, 797
List the prime factors of 26347762.
2, 7, 1881983
List the prime factors of 1494451.
7, 4357
List the prime factors of 1945812.
2, 3, 11, 14741
What are the prime factors of 690254?
2, 269, 1283
What are the prime factors of 7845428?
2, 29, 47, 1439
What are the prime factors of 26439?
3, 7, 1259
What are the prime factors of 9641712?
2, 3, 200869
What are the prime factors of 216744?
2, 3, 11, 821
What are the prime factors of 257509?
7, 36787
What are the prime factors of 311181?
3, 13, 79, 101
What are the prime factors of 19213268?
2, 4803317
List the prime factors of 5097881.
23, 29, 7643
What are the prime factors of 962940?
2, 3, 5, 11, 1459
List the prime factors of 5257637.
7, 11, 68281
What are the prime factors of 24679395?
3, 5, 13, 42187
List the prime factors of 314842.
2, 11, 1301
List the prime factors of 47835.
3, 5, 1063
What are the prime factors of 15900534?
2, 3, 13, 5227
List the prime factors of 9368366.
2, 7, 167, 4007
List the prime factors of 474643.
13, 29, 1259
What are the prime factors of 1642585?
5, 7, 71, 661
List the prime factors of 22184941.
37, 89, 6737
What are the prime factors of 565741?
11, 51431
What are the prime factors of 24542?
2, 7, 1753
List the prime factors of 2227538.
2, 487, 2287
List the prime factors of 336403.
336403
List the prime factors of 205714.
2, 73, 1409
List the prime factors of 2177072.
2, 136067
List the prime factors of 3359317.
13, 79, 3271
What are the prime factors of 1826543?
1826543
What are the prime factors of 3538870?
2, 5, 29, 12203
List the prime factors of 10018524.
2, 3, 23, 36299
List the prime factors of 264471.
3, 199, 443
List the prime factors of 152642.
2, 7, 10903
What are the prime factors of 7251042?
2, 3, 1208507
List the prime factors of 1957853.
1957853
List the prime factors of 1705292.
2, 263, 1621
List the prime factors of 371898.
2, 3, 71, 97
What are the prime factors of 18275?
5, 17, 43
List the prime factors of 33814475.
5, 397, 3407
List the prime factors of 62064.
2, 3, 431
What are the prime factors of 221989?
221989
List the prime factors of 6902.
2, 7, 17, 29
List the prime factors of 773897.
773897
What are the prime factors of 27297849?
3, 23, 395621
What are the prime factors of 6076385?
5, 7, 139, 1249
List the prime factors of 1537744.
2, 13, 7393
List the prime factors of 72960.
2, 3, 5, 19
What are the prime factors of 1118236?
2, 7, 39937
What are the prime factors of 25400908?
2, 13, 661, 739
What are the prime factors of 26408871?
3, 17, 172607
List the prime factors of 709610.
2, 5, 11, 6451
What are the prime factors of 9754218?
2, 3, 541901
List the prime factors of 4129755.
3, 5, 7, 37, 1063
List the prime factors of 3479986.
2, 421, 4133
What are the prime factors of 1612661?
29, 55609
List the prime factors of 6768166.
2, 281, 12043
List the 